**2 - 3*g - 2. Suppose -4*t = -3*q - 5*t - 3, -15*t = -16*t. Calculate c(q).
-15
Let o be (-21)/(-6) + (-2)/(-4). Suppose u + 7 = -r, 0 = -5*r - 11 - o. Let n(i) = 4*i + 9*i - 311 + 158 + i**2 + 149 - 10*i. Calculate n(u).
0
Let r(h) = h**3 + 79*h**2 - 10*h - 21. Let y(g) = g**3 + 115*g**2 - 9*g - 21. Let f(x) = 3*r(x) - 2*y(x). Determine f(-7).
63
Let l(i) = -159 + 500 - 159 - 36*i + 8*i**2 - 169. What is l(4)?
-3
Let f(k) = k**3 - k**2 + 4*k + 606. Let x be f(0). Let j(r) = x*r**2 - 308*r**2 - 299*r**2 - 19. Determine j(0).
-19
Let z(w) = -2*w - 1. Let j(o) be the third derivative of 2*o**4/3 + 11*o**3/6 - 64*o**2. Let u be j(-1). Give z(u).
9
Let n(s) = 39*s - 16. Let f(m) = -m + 3. Let p(j) = 2*f(j) + n(j). What is p(3)?
101
Let r(t) be the third derivative of -t**5/30 + 5*t**4/24 + 3*t**3/2 - t**2. Let k = 8899 + -8894. What is r(k)?
-16
Let k(l) = -6*l + 23. Let n be k(5). Let t(u) = 8*u + 39. Calculate t(n).
-17
Let c(p) = -100*p - 14198. Let t be c(-142). Let z(r) = -2 - r - 5*r + 0*r. What is z(t)?
-14
Let x(j) = j**3 + j + 30. Suppose 5*a + 4*w = 2860, 4*a + a = -5*w + 2860. Suppose -576*p = -a*p. What is x(p)?
30
Let o(t) = -9*t**3 - 14*t**2 + 4*t - 2. Let d(s) = -7*s**3 - 12*s**2 + 4*s - 3. Let q(x) = -5*d(x) + 4*o(x). Give q(4).
-9
Suppose 3*c = 3*g + 3, -c + 0*c = -5*g + 15. Suppose n = -h - h + 6, -c*h - 3*n + 17 = 0. Let d(u) = -23*u + 23*u + h - 2*u**2 + 4*u**2. Calculate d(-2).
9
Let u(a) = 6*a**3 - a + 18. Let x(y) = 7*y**3 + y**2 - y + 20. Let b(f) = 6*u(f) - 5*x(f). Calculate b(4).
-12
Suppose 0 = 4*c - v + 101, 2*c = c - 3*v - 35. Let h be c/(-3) - (-8)/(-12). Let o(r) = 0 + 6 - 8*r**2 - 2*r**3 + 3*r**3. Calculate o(h).
6
Let w(c) = -c**2 - 14*c - 41. Suppose 3*j + 13*j + 96 = 8*j. Determine w(j).
-17
Let r(q) = q**2 - 62*q + 947. Let g be r(28). Let m(h) = h**2 - 6*h - 11. Give m(g).
44
Let o be 5 + -6 + 2/1. Let m be o - (-4)/(-8) - (-2)/(-4). Suppose 29 = 4*g + g - 4*d, m = -4*d - 4. Let j(i) = -2*i - 7. Give j(g).
-17
Let n(c) = -c - 4. Let f = -123 - -127. Suppose -f*t - 14 = 6. Calculate n(t).
1
Let r(m) = -59*m - 2190. Let g be r(-37). Let z(p) = -3*p - 7 - 2 - 1. Determine z(g).
11
Let k(p) be the second derivative of p**4/12 + 7*p**3/6 - 70*p**2 + 12*p - 10. Give k(-16).
4
Let y = -3 + 3. Let r(z) = -10*z + 13. Let t(l) = -3*l + 4. Let f(q) = 5*q + 43. Let o be f(-9). Let a(s) = o*r(s) + 7*t(s). Determine a(y).
2
Let n(x) be the first derivative of 2*x**3 - x**2 - x + 1. Let t be n(-1). Let f(p) = 345*p**2 + 10 - 120*p**2 - 2*p - 8*p - 113*p**2 - 111*p**2. What is f(t)?
-11
Let w(m) = m - 11. Let u be 4/(-10) + (-14)/(-35). Suppose 5*p + u*p - 2115 = 0. Let q be 6/(-8) + p/36. Calculate w(q).
0
Let u(q) = -5*q**3 - 27*q**2. Let r(l) = 3*l**3 + 18*l**2. Let k(g) = -8*g - 25 + 16*g - 5*g. Let f be k(11). Let h(w) = f*r(w) + 5*u(w). Calculate h(9).
0
Let n(o) = 39*o - 329. Let g(k) = -46*k + 328. Let c(m) = 4*g(m) + 5*n(m). Determine c(30).
-3
Let l = -25 - -48. Suppose 16*x - 17*x = -2. Suppose 4*k + 16 = x*f - 4*f, 0 = 5*k + f + l. Let u(j) = -j**2 - 2*j + 7. Give u(k).
-8
Let b(y) be the second derivative of -y**4/12 + y**3/6 + 12*y + 83. Calculate b(1).
0
Let p(a) be the third derivative of a**5/30 - a**4/6 + 10*a**2 + 129*a. Determine p(-3).
30
Let o(h) = -6 + 35 + 325*h**2 + 18*h - 326*h**2. Calculate o(19).
10
Let j(t) be the third derivative of -1/6*t**3 + 0 + 13*t**2 + 0*t + 1/24*t**4 + 1/15*t**5 + 1/120*t**6. Suppose -4*n - 8 = 4. Calculate j(n).
5
Let y(a) = 169*a**2 - 372*a**2 + 204*a**2 + 33 - 14*a. Give y(3).
0
Suppose -4*t = s + 2*s - 6, 2*s + 4*t - 4 = 0. Let i(a) = -a**2 - 9 - a**3 - a + 11*a**2 - 2*a**s + 8. Determine i(8).
-9
Suppose 11*i = 47 + 41. Suppose -2*l + 5*a = -29, 10 + i = 3*l + a. Let x(q) = -q**3 + 7*q**2. What is x(l)?
0
Let d = 178 + -186. Let m(q) = 6*q + 46. Let j be m(d). Let g(o) = -o + 1. Give g(j).
3
Let g(s) = s**3 + 39*s**2 - 3*s - 106. Let f(y) = 33*y**2 + 957*y - 39. Let t be f(-29). Calculate g(t).
11
Let r be (-12)/(-14)*(-19 + -2) - 5. Let m(o) = o**3 + 23*o**2 - o - 32. Calculate m(r).
-9
Let f(t) = 13*t**2. Suppose -5*s = 2*b + 1, 2*s = b + 3*s + 2. Let i be 8/b + 2 - (-1)/(-3). Calculate f(i).
13
Let j(m) = -44*m - 358. Let g(c) = -24*c - 179. Let k(a) = 9*g(a) - 5*j(a). Give k(-44).
3
Let s(p) be the third derivative of p**4/24 + 3*p**2. Let j be 2*7*(-96)/(-224). Give s(j).
6
Let w = 5833 - 5826. Let f(h) = h**3 - 6*h**2 - 7*h + 6. Give f(w).
6
Suppose -579 = -31*k - 393. Let x(l) = -2*l**2 + 4*l + 10. Calculate x(k).
-38
Let p(i) = -16*i**3 - 31*i**2 + i - 44. Let g(z) = 7*z**3 + 15*z**2 + 21. Let f(v) = -7*g(v) - 3*p(v). Give f(-12).
21
Let l(c) = -9*c**2 - 331*c - 71. Let r(j) = -17*j**2 - 626*j - 142. Let k(u) = -7*l(u) + 4*r(u). What is k(-37)?
3
Let n(b) = -2*b**3 - 6*b**2 + 3*b**3 + 3*b**2 + 4 + b. Let z be ((-2)/2)/((-21)/147). Let k be z/(-56) + (-125)/(-40). Determine n(k).
7
Let g be 13/(208/(-16))*1/(-3). Let l(c) be the first derivative of -c - g*c**3 - c**2 + 14. Calculate l(-2).
-1
Let j(n) = n**2 + n - 5. Let s(v) = -v + 30*v**2 - 17*v**2 + 9 - 15*v**2. Let l(d) = -5*j(d) - 2*s(d). Let z(x) be the first derivative of l(x). Give z(-3).
3
Let m(r) = 2*r**2 - 61*r + 31. Let z(w) = -5*w**2 + 170*w - 92. Let u(a) = -8*m(a) - 3*z(a). Give u(-21).
49
Let d(l) = -l + 0 + 6 - 1. Let s(n) = -n**3 + n**2 - 36*n - 72. Let o be s(-2). Calculate d(o).
-7
Let h(x) be the first derivative of x**4/2 - x**3 + 7*x**2/2 - 4*x + 2938. Calculate h(2).
14
Let y(x) = 4*x - 2. Suppose -4*r - 16 - 2 = -u, -4 = r. Let p(z) = -u + 2 + 7*z - 3 - 1. Let q(t) = -3*p(t) + 5*y(t). What is q(-3)?
5
Let l(g) = -g**2 - 8*g + 2. Let o be ((-2424)/(-384))/(2/8)*12. Let x = o - 309. Calculate l(x).
14
Let t(b) be the first derivative of 1/2*b**2 - 28 - 1/3*b**3 - 29*b. Determine t(0).
-29
Let u(b) = -22*b + b**2 - 131 - 34*b + 36 + 33*b. Calculate u(-4).
13
Let z(u) = -u**2 - 6*u + 8. Suppose -9*c + 18 + 9 = 0. Suppose -7*o + c*o - 42 = 2*y, 2*y + 2 = o. Give z(o).
-8
Let y(x) = 9*x + 2. Let w(i) = -21*i - 11. Let v(u) = -2*w(u) - 4*y(u). What is v(7)?
56
Let h(i) = i. Let j = 269 + -254. Suppose j*v - 13*v - 4*g - 32 = 0, -g - 29 = -4*v. Give h(v).
6
Let q = 13273/26538 - 2/13269. Let n(i) be the first derivative of -q*i**2 + 1/3*i**3 - 5 + 5*i. Give n(0).
5
Let d(j) = j**3 - 4*j**2 - j + 2. Suppose 152*l + 333 = -123. Let o = 9 + -13. Let c be -1 + 1 + l*(3 + o). Calculate d(c).
-10
Let p = -559 - -573. Let l(r) = 2*r + 61 - p - 51. Give l(-3).
-10
Let m(x) = 10*x + 22 + 6 - 11*x - 23. What is m(8)?
-3
Let b(a) = -a**2 + a + 37. Let g(d) = 5*d**2 - 5*d - 182. Let y(l) = 16*b(l) + 3*g(l). Give y(0).
46
Let g(u) = -u**3 + u**2 + 1. Let r(q) be the first derivative of -q**4/4 - 5*q**3/3 + 3*q**2/2 + 17*q + 52. Let i be r(-5). Give g(i).
-3
Let i(y) = -2*y**3 - y**2 - 2*y. Let c be (43 - 38 - 4) + 8/(-2). Calculate i(c).
51
Let v(c) be the first derivative of -3*c**2/2 - 15*c - 2. Suppose 10762*i = 10759*i + 5*a - 43, 3*a - 50 = 4*i. What is v(i)?
18
Let k(l) = 18*l - 21. Suppose -125*s + 68*s - 44 = -13*s. Determine k(s).
-39
Let s(j) = -2*j**2 - 191*j + 92. Let b be s(-96). Let i(q) = q - 24. Determine i(b).
-28
Let f(y) = -22 - 108*y + 56*y + 46*y. Let j be f(-3). Let r(n) = -n**3 - 6*n**2 - 6*n - 1. What is r(j)?
-9
Let g(l) be the second derivative of -l**5/20 - 3*l**4/4 + 11*l**3/6 + 23*l**2/2 - 62*l + 45. Calculate g(-10).
13
Let r(d) = d**3 + 12*d**2 + 12*d + 7. Let p be r(-11). Let a(y) = -y**3 - 3*y**2 - 5*y - 4. Let x be a(p). Suppose n = 5*n + x. Let o(z) = z + 6. Give o(n).
-2
Let b(u) be the first derivative of u + 2/3*u**3 + 74 - 5/4*u**4 - u**2. Suppose a + 13 = -a + 5*v, a = 2*v - 5. Determine b(a).
-4
Let b(r) = 2*r**2 + 4*r - 27. Suppose -53*l - 180 - 222 = 14*l. Determine b(l).
21
Let b(j) = 3*j - 1. Let p(f) = 6*f - 3. Let u be (9/7)/((-35)/(-245)). Let a(g) = u*b(g) - 4*p(g). Give a(-10).
-27
Let q(x) = 13*x + 1. Suppose 0 = 8078*s - 8151*s + 73. Determine q(s).
14
Let l(h) = -6*h + 15. Let z(o) = 13*o - 33. Let y(c) = -9*l(c) - 4*z(c). Give y(0).
-3
Let n = 6 - 11. Let f be 4*(-1 + n/(-2)). Let t(c) = -291*c - 7. Let k(g) = 2547*g + 61. Let p(d) = -4*k(d) - 35*t(d). Determine p(f).
-17
Let a = -3 + 23. Let f = a - 13. Let r(j) = f + 6*j + 0 + 4*j - 12*j - j**2. 